 - 23/(-7). Calculate the highest common factor of 3 and o.
3
Suppose -23*u + 2675 = -28*u. Let v be (-2)/(-6) + u/(-15). Calculate the highest common factor of 9 and v.
9
Let t(v) = -51*v**3 + 4*v**2 + 2*v - 6. Let c be t(-2). What is the highest common divisor of c and 92?
46
Let z = -11 + 29. Let k be (10/5 - 3) + z. Calculate the highest common factor of 136 and k.
17
Let v be 1*(4 + -2 - -178). Let k = -47 + 79. Let h be k/6*60/16. What is the highest common factor of h and v?
20
Let s = 3 - 1. Suppose -s*b = 19 - 23. Let d be b*(-5)/(10/(-11)). Calculate the highest common factor of 11 and d.
11
Let p be 6 - ((-16)/52)/(12/(-78)). What is the greatest common divisor of p and 32?
4
Let c(d) = d**3 + 15*d**2 - 113*d - 12. Let l be c(6). What is the highest common factor of l and 1914?
66
Suppose 2*f + 5*p - 41 = 0, p - 49 = -3*f - 4*p. Suppose 0*g + f = 4*g. What is the highest common divisor of g and 5?
1
Let w be (-5)/25 - (-856)/(-20). Let s = 59 + w. What is the greatest common factor of 2 and s?
2
Let c(z) = z**3 - 9*z**2 + 10*z + 1. Let i be c(8). Suppose -5*m + 14 = -11. Suppose -m*j + 266 + 159 = 0. Calculate the greatest common divisor of i and j.
17
Let m = 344 + -337. What is the highest common factor of 259 and m?
7
Let m(n) = -n**2 - 6*n - 2. Let y be m(-5). Let a = 20 + -20. Suppose a*q = -5*q + 30. Calculate the greatest common factor of q and y.
3
Suppose -12*f = -9*f - 1545. What is the greatest common factor of f and 206?
103
Let l(c) = -c**2 - 44*c - 69. Let g be l(-41). Let n = -10 - -16. What is the greatest common factor of n and g?
6
Let k be ((-10)/(-8))/((-13)/(-780)). Calculate the greatest common factor of k and 105.
15
Let y = -11 + 11. Suppose -102 = -4*w + 5*z + 545, 5*w = -5*z + 775. Suppose 5*n - 642 - w = y. Calculate the highest common divisor of n and 20.
20
Let i = -341 - -377. Let j be 2/3 - 572/(-6). What is the highest common divisor of j and i?
12
Let j = 80 + -59. What is the greatest common divisor of 35 and j?
7
Let z be (16/(-20))/(2/(-5)). Let n(c) = c - 1 + 13*c**3 + 12*c**3 - 3*c**3 + 11*c**3 - c**z. Let l be n(1). Calculate the highest common factor of 128 and l.
32
Suppose -420 = -2*l - 3*l - 5*a, -15 = 3*a. Suppose -9*o + l = 17. What is the greatest common divisor of 6 and o?
2
Suppose 8 = 4*n, -10 = -g - 2*n - 0. Let y be 2/g - (-213)/9. Suppose 0 = -y*b + 28*b - 152. Calculate the highest common factor of b and 95.
19
Let d be 5/(-25) - (-18009)/45. What is the highest common divisor of d and 16?
16
Suppose -q - 2*g = 4*q - 178, 2*q - 2*g = 74. Let w(f) = 5*f**3 - f. Let h be w(1). Calculate the greatest common factor of h and q.
4
Let r be (3/4)/(-1) + 245/28. What is the greatest common divisor of r and 32?
8
Let n(x) = -x**3 - 18*x**2 + x + 18. Let d be n(-18). Let a(f) = f**3 - f**2 - f + 24. Let s be a(d). Calculate the greatest common factor of 8 and s.
8
Let t = 168 + -120. Let o = t - 30. Calculate the highest common divisor of 12 and o.
6
Suppose 3*j - 14 = -f - 0*f, 5*f + 2 = -3*j. Suppose -54 = -2*c - 2*u, 5*c - 3*c - 36 = 4*u. What is the greatest common factor of c and j?
6
Suppose 1790 + 658 = 6*n. What is the highest common divisor of 72 and n?
24
Suppose -24*j = -22*j - 42. What is the highest common divisor of j and 14?
7
Suppose -78016 = -50*m + 23734. What is the greatest common factor of m and 55?
55
Suppose 4*i = 2*i + 10. Suppose 0 = -i*c - 5*n + 30, -12 = -3*c + c + n. Let h be 2/(-3 + 4)*c. Calculate the highest common divisor of 6 and h.
6
Suppose -697 = -9*y - 598. What is the greatest common factor of y and 1474?
11
Let b be 24/(-18)*-3 + 75 + 5. What is the highest common divisor of b and 6?
6
Let m = 1296 - 1283. Suppose 0*t - 39 = -3*t. What is the highest common divisor of t and m?
13
Let j = -16 - -48. Suppose 108*f + 13*f - 354 - 130 = 0. What is the greatest common factor of f and j?
4
Let s(d) = -d**3 + 13*d**2 - 11*d - 9. Let x = -28 + 40. Let p be s(x). Suppose -q = p*v - 8, 5*v + 21 - 1 = 0. What is the highest common factor of q and 220?
20
Let z = 720 + -675. Calculate the greatest common divisor of z and 12.
3
Let q = -21 - -44. Let d = 4010 + -3964. What is the highest common divisor of q and d?
23
Suppose -i = -12*i + 3894. Calculate the greatest common divisor of 118 and i.
118
Suppose 26*j - 33*j - 217 = 0. Let z be (-2)/(2*-1)*(j + 45). Calculate the highest common factor of 126 and z.
14
Suppose 221*j = 233*j - 276. What is the greatest common divisor of 345 and j?
23
Suppose -7 - 15 = -11*i. Suppose 4*x - i*k - 124 = 0, -102 + 10 = -3*x + k. Calculate the greatest common factor of 15 and x.
15
Suppose -2*g - 52 = -190. Suppose 24 = -4*x - 4*h, -3*x - 19 = 5*h - 1. Let s be 4 + 40 + x/(-3). Calculate the greatest common divisor of g and s.
23
Let u(l) = l**2 - 16*l + 4. Let c be u(-7). What is the highest common factor of c and 15?
15
Let y(s) = -19*s + 392. Let f be y(16). What is the highest common factor of f and 104?
8
Suppose h + 1 = 3*t, 2*h + 20 = 6*h. Suppose 3*g = -t + 20. What is the highest common factor of 4 and g?
2
Let n be (-10192)/(-63) + (-6)/(-27). Calculate the greatest common divisor of n and 135.
27
Let u be (-5)/(25/22)*-5. Suppose -g + 8*g = 35. Suppose -22 + 132 = g*z. What is the greatest common divisor of u and z?
22
Let q be (-641)/(-7) + (-15)/(-35). Suppose -t + 14 = -5*u - 39, -4*u + q = 4*t. Calculate the greatest common factor of t and 70.
14
Suppose -5*z - 77 = 2*z. Let o = z + 13. Let u(i) = -i**2 + 5*i + 6. Let m be u(5). Calculate the greatest common factor of o and m.
2
Let p = -65 - -117. What is the greatest common divisor of 104 and p?
52
Let m(x) = 7*x + 21. Let s be m(1). What is the greatest common factor of 8 and s?
4
Suppose 0 = w + 2*i - 5 - 22, -3*w = 2*i - 77. What is the highest common divisor of w and 50?
25
Let v(c) = -16*c + 12. Let d be v(0). What is the greatest common divisor of 324 and d?
12
Suppose -4*x + 130 = 3*l, l - 5*x + 96 = 3*l. Let u = l + -37. What is the highest common divisor of u and 9?
1
Let k(p) = 3*p**2 + 8*p + 11. Let g be k(-7). Let w(j) = j**2 - j - 8. Let i be w(-6). Calculate the highest common factor of g and i.
34
Suppose 43*n - 7411 = -144. What is the greatest common divisor of 845 and n?
169
Suppose -2 = -2*c + 40. Calculate the greatest common divisor of c and 483.
21
Suppose -47 = -7*n + 107. Let a = 31 - -2. What is the greatest common factor of n and a?
11
Suppose 0*c - 72 = -4*c. What is the highest common factor of 180 and c?
18
Suppose 4*g - 326 = 258. Suppose -13*t + 483 = -20*t. Let s = t + g. Calculate the greatest common factor of 7 and s.
7
Let n = 2 + 1. Suppose n*b - 86 = -8. Calculate the greatest common divisor of 104 and b.
26
Let k = 503 + 65. What is the greatest common divisor of k and 16?
8
Let t = -1653 + 1722. What is the greatest common factor of 21 and t?
3
Suppose 3*w + 5*m - 48 = 0, -w + 0*m + 12 = 3*m. What is the greatest common divisor of 168 and w?
21
Let z(t) = t**2 + t + 4. Let y be z(-6). Suppose 64*q - 3010 - 7317 = 9257. What is the highest common factor of y and q?
34
Let k(d) = 18*d**2 - 24*d - 53. Let q be k(-2). What is the highest common divisor of q and 1809?
67
Let f = -347 - -404. What is the greatest common factor of 228 and f?
57
Let x(p) = 60*p + 13. Let q be x(11). Let y = q + -377. Suppose -4*r + y = 8. What is the greatest common divisor of 9 and r?
9
Suppose 307*p - 306*p - 18 = 0. Let a(o) = o**2 - 4*o - 3. Let k be a(6). What is the highest common factor of k and p?
9
Let h be 3*8/(-6) - 0. Let a = -7 - h. Let o = a + 11. What is the highest common factor of o and 56?
8
Let z(n) = -n**3 - 3*n**2 + 4*n - 48. Let a be z(-7). Let m be (-2)/(-6) - 238/(-6). Calculate the greatest common divisor of m and a.
40
Let g = 238 - 234. Calculate the greatest common factor of g and 12.
4
Suppose 6*w - 228 = 402. Calculate the greatest common factor of 21 and w.
21
Let k(z) = 2*z**3 - 5*z**2 + 8*z - 3. Let s be k(3). Calculate the highest common factor of 390 and s.
30
Let p be 3/6 + 89*(-4)/(-8). Calculate the greatest common divisor of p and 54.
9
Let b be 114*(70/15 - 4). Let x = -80 + 48. Let v = b + x. Calculate the highest common factor of v and 11.
11
Suppose 716*f - 718*f + 90 = 0. What is the highest common d